a and 33.
3
Suppose -6*j + 4*j = -28. Calculate the highest common divisor of j and 21.
7
Suppose y = 3*y, 2*y = 2*n - 172. What is the greatest common factor of 215 and n?
43
Suppose 2*k = -5*q + 180, -5*q + 56 = 4*k - 134. Calculate the greatest common divisor of 2 and q.
2
Let n be (-174 + 4)/5*-2. What is the greatest common factor of n and 17?
17
Let z be (2/6)/(2/6). Let p = 3 + z. Suppose 0*t - 2*t + 24 = -4*o, p*o - 46 = -3*t. Calculate the highest common divisor of 126 and t.
14
Suppose j = -0*j + 32. Suppose -j - 4 = -3*p. Let n = -45 + 105. Calculate the highest common factor of p and n.
12
Suppose -4*i + 5 = 17. Suppose -21 = 4*t - 9. Let w be (t/3)/(1/i). Calculate the highest common divisor of w and 2.
1
Let r(b) = -b**3 + 3*b**2 + 7*b + 4. Let m be r(4). What is the highest common factor of 64 and m?
16
Let w(r) = 2*r**2 + 0*r**2 - r**2 - 10*r - 12 + 4. Let i be w(-6). Calculate the highest common divisor of i and 22.
22
Let u(o) = 5*o**2 + o - 59 + 0*o + 57. Let y(b) = b**2 - 5*b + 6. Let t be y(4). Let p be u(t). What is the greatest common factor of 10 and p?
10
Suppose -24 = -2*i + 3*i. Let n = 72 + i. Calculate the greatest common divisor of 32 and n.
16
Let g = -61 + 145. Let d(i) = i**3 + 6*i**2 - 3*i - 6. Let w be d(-6). What is the greatest common factor of g and w?
12
Suppose -13 = -3*h - 1. Suppose 0 = 3*v + h*o + 4, 2*o - 3*o = -v + 8. Calculate the greatest common factor of 4 and v.
4
Suppose 5*m - 16 = -q, m + m - 16 = 2*q. Let i be -2*m/((-16)/34). Calculate the greatest common divisor of i and 119.
17
Let d(c) = c + 5. Let r be d(-3). What is the highest common factor of 3 and r?
1
Let a = -46 + 54. Calculate the highest common factor of a and 104.
8
Let a(j) = j**2 - 2*j + 27. Let u be a(6). What is the highest common factor of 102 and u?
51
Suppose 3*z + 1 = -5. Let w be (9 + z)*(-24)/(-14). Let s be ((-90)/w)/((-3)/4). Calculate the greatest common divisor of s and 20.
10
Let b = 13 - 7. Let j(x) = -18*x - 2*x**2 + x**2 + 3*x + 22. Let a be j(-11). What is the greatest common factor of a and b?
6
Let h = 9 - -11. Suppose -q - q = -h. What is the highest common factor of q and 60?
10
Let p(s) = 4*s + 7. Let z be p(7). Let g be 5/(2 - z/18). Let o = 21 - 11. Calculate the highest common divisor of g and o.
10
Let g(s) = -2*s**2 + 17*s + 5. Let z be g(9). Let o be -1 - 152/z*2. Let y(u) = -14*u**3 + 1. Let t be y(-1). What is the highest common divisor of t and o?
15
Let l(y) = 6*y + 1. Let u be l(4). Calculate the highest common divisor of u and 25.
25
Suppose 5*l - 14 = 3*l. Suppose 0 = 5*h - 317 - 33. Suppose w + 9 - h = c, c = 3*w - 173. What is the greatest common factor of l and w?
7
Suppose -3*z + 168 = z. Calculate the highest common factor of z and 63.
21
Suppose 3*t + 31 = -41. Let w = -16 - t. What is the highest common factor of 16 and w?
8
Let j(l) be the second derivative of -l**3/6 - 2*l**2 - 3*l. Let h be 32/(-5) + (-2)/(-5). Let y be j(h). What is the greatest common divisor of y and 2?
2
Suppose -k - 7 = -i, 4*k + 1 = -2*i - 15. Suppose -4*l = 4*t - 204, 3*t - 5*l = i*t + 81. What is the greatest common factor of 140 and t?
28
Let n be (-7)/(-14) + (-98)/(-4). What is the greatest common divisor of n and 100?
25
Suppose -100 = -4*g - 20. Calculate the highest common divisor of g and 10.
10
Suppose d + 3*f - 12 = 0, -3*d + 3*f = 2 + 10. Let n = 16 - d. Calculate the greatest common divisor of n and 8.
8
Let u be (-2)/(-1) - -11*5. Let q = -161 + u. Let i = -59 - q. Calculate the greatest common factor of i and 15.
15
Let w(q) = 7*q - 7. Suppose -5*u + 43 = -4*h - 0*h, -3*h = 2*u - 8. Let j be w(u). Suppose 420 = r + 3*r. What is the highest common factor of j and r?
21
Suppose 3*b + b - 96 = 0. Suppose i - 4*i = -b. Let c = 1 + 23. Calculate the highest common factor of i and c.
8
Suppose -5*f = 3*z - 147, -3*f - 2*f = 15. What is the highest common factor of 90 and z?
18
Suppose 0*k = -k + 63. What is the highest common factor of 9 and k?
9
Suppose -3*d = 18*d - 525. Let h be (0 + -1)/(-1) - -4. Calculate the highest common divisor of d and h.
5
Let u = -19 + 28. What is the highest common factor of 6 and u?
3
Let n(g) = -6*g + 3 - 6*g + 3*g. Let i be n(3). Let f be ((-44)/6)/(16/i). What is the highest common factor of f and 1?
1
Let s be 30/(-12)*(-4)/5. Suppose -3*g + 43 = 4*n, -s*g = -2*n + 8 + 10. Calculate the greatest common divisor of n and 15.
5
Suppose -80 = -2*k - 48. Calculate the greatest common divisor of 128 and k.
16
Suppose 5*g - 3*p - 23 = 68, -2*p + 86 = 4*g. Suppose 0 = -5*t + g, 3*y + 5*t = -2*y + 520. Calculate the highest common divisor of 25 and y.
25
Let k be ((-3)/(-4))/(4/(-16)). Let q be (-8)/k*(-36 + 3). Let m be ((-1)/2)/(2/q). What is the greatest common divisor of 55 and m?
11
Let a = -84 - -268. Calculate the highest common divisor of a and 23.
23
Let b(t) = 8*t**3 + 2*t**2 - 14. Let r(i) = -3*i**3 - i**2 + 5. Let y(q) = 4*b(q) + 11*r(q). Let u be y(-4). Calculate the highest common factor of u and 15.
15
Suppose 2*j + 85 = 5*p, 3*j + 0*j = -3*p + 30. Let l be 8/(-16) - (-22)/(-4). Let r = l + p. What is the greatest common factor of 72 and r?
9
Let t = 45 - -10. Calculate the greatest common divisor of 11 and t.
11
Let x(n) = -n**3 + 10*n**2 - n - 14. Let v be x(10). Let u be v/(-18) + (-4)/(-6). Suppose u*p = 24 - 4. Calculate the greatest common divisor of p and 40.
10
Let f be ((-2)/(-3))/(10/75). Suppose -s - 4*s + 50 = 0. Let r be 356/s - 3/5. Calculate the greatest common divisor of f and r.
5
Let v = -119 - -339. What is the highest common factor of v and 20?
20
Let h be (1 - -168) + 1*2. Let v = -11 + 16. Suppose v*u - 19 = 4*u. What is the highest common divisor of u and h?
19
Suppose -5*y = -y - 168. Let q = y + 22. Calculate the highest common divisor of q and 16.
16
Let f = -6 - -33. Suppose h + 7*t + 8 = 2*t, 2*h + 5*t = -11. Let n be h/((-4)/(-6) - 1). Calculate the greatest common factor of n and f.
9
Let c = 24 + -7. Let k = c + -4. Suppose 3*y + 39 = 6*y. What is the greatest common divisor of y and k?
13
Let z(i) be the third derivative of i**4/4 - 3*i**3/2 - 5*i**2. Let w be z(4). What is the highest common divisor of w and 120?
15
Let h(o) = 5 - 2*o**2 - 3*o + 13*o**2 + 1. Let c be h(4). Let a = 7 + 10. Calculate the greatest common factor of c and a.
17
Let w be (-91 + 1)/((-6)/8). Let j be -3*(-1 + -5)*80/30. Calculate the greatest common factor of j and w.
24
Let p(t) = -18*t**3 + 2*t**2 - t. Let f be p(1). Let c = -5 - f. Let w = -7 + 31. What is the greatest common factor of c and w?
12
Let a be (-3 + 13)/(4/6). What is the highest common factor of a and 135?
15
Suppose 2*a + 0*a - k = 14, a = 5*k - 2. Let s = 20 + -17. Suppose -5*l - 5*p = -35, l = 2*l + s*p - 5. What is the greatest common divisor of a and l?
8
Suppose -4*z = -x + 18, -17 = -3*x - x + 5*z. Let q be (-4 + 4)/(x/(-2)). Let a = 2 - q. Calculate the greatest common factor of 18 and a.
2
Suppose -5 = -0*w - 5*w, 7 = r - 5*w. Calculate the greatest common divisor of r and 132.
12
Let u(f) = f**2 - 8*f + 2. Let n be -4 + (-2 - -3) - -13. Let q be u(n). Calculate the highest common factor of 2 and q.
2
Let a(j) = -6 + 0 - 4*j**2 + 3*j - 6*j**2 - j**3 + 13*j. Let g be a(-12). Calculate the greatest common divisor of 10 and g.
10
Let c(j) = -3*j + 7. Let k be c(0). Calculate the greatest common factor of k and 49.
7
Suppose 4*d + 3*a = 16, 4*d - 2*a + 15 = 51. Let b(j) = j + 5. Let r be b(d). Let q be (6/4)/((-9)/(-18)). Calculate the greatest common factor of r and q.
3
Let x be 61/7 - 38/(-133). What is the greatest common divisor of x and 99?
9
Suppose 91 = a - 0*a + 5*w, 2*a + 3*w - 168 = 0. Suppose 0 = -5*t + i + 54, 5*t - a = 3*i - 19. Calculate the highest common factor of 4 and t.
2
Let t(u) = -2*u**2 + 18*u + 2. Let b be t(9). What is the highest common factor of b and 8?
2
Suppose 57 = 5*y + 3*v, 0 = -3*y - 3*v + 2*v + 31. What is the greatest common divisor of 72 and y?
9
Let h = -6 - -56. What is the greatest common divisor of 25 and h?
25
Let s = -38 + 54. What is the highest common factor of 16 and s?
16
Let s be (0 - (2 - -1) - -273) + 0. Calculate the greatest common divisor of 30 and s.
30
Suppose -1 = -v + 1. Suppose 5*y - 39 = v*y + g, 0 = 3*g - 9. Suppos